. Suppose 4*b - i = -0*b, -10 = -o - 4*b. Let y be (0 - 8/o)*-45. Calculate the highest common divisor of 12 and y.
12
Suppose -10*s + 114 = -8*s. Calculate the greatest common factor of s and 19.
19
Let i = -123 - -203. Suppose j - 3*j - 24 = 0. Let n = -2 - j. What is the highest common divisor of n and i?
10
Let n(t) = t**3 - 6*t**2 - 7*t + 4. Let m be n(7). Let z be 4*((-4)/(-10) + (-51)/(-85)). Calculate the highest common factor of z and m.
4
Suppose -2*t = 5*q - 10*q + 13044, 0 = 5*q - 6*t - 13052. What is the greatest common divisor of q and 16?
16
Let d = 28 - 24. Let j be (-1 - 1)/(d/(-24)). Calculate the highest common divisor of j and 12.
12
Let k = -49 + 53. Suppose 6 = -k*a + 5*a. What is the greatest common factor of a and 6?
6
Let v = -415 + 422. What is the highest common factor of v and 63?
7
Let w be 4*-3 + (-6)/6. Let o = w + -19. Let d be (2/4)/((-16)/o). What is the highest common factor of 4 and d?
1
Let p(k) = 5*k + 5. Let d be p(5). Suppose 8*n - 3*n = d. Suppose -n*m + 55 = -m. What is the highest common factor of m and 77?
11
Let d(w) = -5*w - 21. Let h be d(-9). Calculate the highest common divisor of 16 and h.
8
Suppose -4 = -t - 0*t. Suppose 3*k - o + 39 = 0, 9*o + 33 = -4*k + t*o. Let b be (12/5)/(k/(-30)). Calculate the highest common factor of b and 4.
2
Suppose 0 = 179*u - 126*u - 53. Suppose 0*f = f - 11. What is the greatest common divisor of u and f?
1
Let f = -540 - -917. Calculate the greatest common factor of f and 13.
13
Suppose 0 = 4*y - 37 + 1. Let i(a) = -a**3 + 9*a**2 + 5*a - 9. Let j be i(y). Calculate the greatest common divisor of j and 12.
12
Let r(m) = m**3 - m + 10. Let o be r(0). Suppose y - o = 8. Calculate the greatest common factor of y and 6.
6
Let m(k) = k**3 - 2*k**2 - 2*k - 2. Let b be (6/(-3))/((-4)/(-26)). Let o = 16 + b. Let i be m(o). What is the greatest common divisor of i and 5?
1
Let b = 70 - 63. Suppose -2*c + d - b = -5*c, 3*d = 3*c - 15. Calculate the greatest common factor of c and 33.
3
Let v(q) = 3*q - 51. Let i be v(27). Calculate the greatest common divisor of 150 and i.
30
Suppose 0 = -3*b - 1 - 8, -2*b - 274 = -4*z. Let v be -6 + 3 + z - -2. What is the greatest common divisor of v and 6?
6
Suppose 339 = g - o + 4*o, -2*o = -2. What is the greatest common factor of 48 and g?
48
Let y(g) = 46*g - 4. Let u be y(3). Let r = u + -38. Suppose -x - 38 = -3*f - 2*x, 3*x + 42 = 4*f. Calculate the greatest common factor of r and f.
12
Let t(d) = -2*d**3 + 13*d**2 + d - 10. Let r = -14 + 20. Let s be t(r). What is the highest common factor of s and 4?
4
Let v be ((-5)/((-160)/(-248)))/(1/(-4)). Calculate the greatest common factor of v and 155.
31
Let f(i) = i + 8. Let r be 38/(-9) + 6/27. Let k be f(r). Suppose 2*j + 16 = k*j. Calculate the greatest common divisor of j and 20.
4
Let d be -473*(0 + 2 - 3). Calculate the greatest common factor of d and 43.
43
Suppose 298 = 14*a - 1606. What is the greatest common divisor of a and 170?
34
Let u be 0/1 + (1264/1738)/(4/22). Let t = 9 - 5. What is the greatest common divisor of u and t?
4
Suppose -r + 7 = 2*a, -4*a + 0*a = -3*r - 19. Suppose 0*v + 70 = 4*v + 2*j, -v + a*j = -40. What is the greatest common factor of 50 and v?
10
Let p(k) = -k**3 - 2*k**2 + 3*k + 3. Let w be p(-2). Let v(a) = -a**3 - a**2 - 10. Let h be v(w). What is the highest common divisor of 24 and h?
8
Suppose -212 = -3*o - 5*r, -r - 2*r + 222 = 3*o. Suppose -d + 4*d + 75 = 0. Let w = o - d. What is the greatest common factor of 13 and w?
13
Let b = 17 + -50. Let y = -47 - b. Let s be (-276)/(-7) - 8/y. What is the greatest common factor of 8 and s?
8
Let x be -1580*9/(72/(-16)). Calculate the greatest common divisor of 40 and x.
40
Let h(m) = 542*m + 4. Let c be h(1). Calculate the greatest common divisor of 42 and c.
42
Suppose -4*b + 3*k - 377 = -6*b, 5*k = -b + 199. What is the greatest common factor of b and 23?
23
Let y = 64 + -59. Suppose -y*c + 981 = -3*p, 5*c - 351 - 626 = p. What is the greatest common divisor of 39 and c?
39
Let f(v) = -v**2 - 3*v + 16. Let q be f(-5). Let a be 2/(-4)*q + 68. What is the greatest common divisor of a and 13?
13
Let z = 717 - 321. Let l = -73 - -109. Calculate the highest common divisor of z and l.
36
Let w(u) = 22 - 55 + 14 + u**2 + 13*u. Let j be w(-15). Let f(i) = 2*i**2 + 4*i + 7. Let x be f(-7). Calculate the greatest common divisor of x and j.
11
Suppose 237 = 3*a - 4*b, 13*a - 9*a - 4*b - 312 = 0. Calculate the highest common divisor of a and 3.
3
Let y(k) = -2*k**3 + 33*k**2 - 13*k + 43. Let c be y(14). Calculate the greatest common factor of 29 and c.
29
Let i(u) = -6*u**3 + 13*u**2 - 11*u + 7. Let a(q) = -q**3 + q**2. Let t(j) = 5*a(j) - i(j). Let y be t(8). Calculate the highest common factor of 9 and y.
9
Let m(o) = -2*o**3 + 4*o**2 + 2*o - 4. Let t be m(3). Let j = -12 - t. What is the highest common divisor of 10 and j?
2
Let o = -18 + 19. Suppose 10 = 5*b - 5. Suppose 2*c - 14 = 3*h, 0*h + 13 = c - b*h. Calculate the greatest common factor of o and c.
1
Let r be (-6 + (5 - 3))*(-12)/(-6). Let z = r - -37. What is the highest common divisor of z and 232?
29
Let m(n) = n**2 + 5*n - 3. Let t be m(-6). Suppose -t*p + p + 16 = 0. Let w(g) = -g + 10. Let k be w(-38). Calculate the highest common divisor of k and p.
8
Suppose 40 = -10*c + 15*c. Let b(s) = s**3 + 3*s**2 - 4*s. Let k be b(-3). What is the highest common factor of c and k?
4
Let l be -1 + -1 - (0 - 2) - -30. Calculate the highest common factor of 75 and l.
15
Suppose -38 = -4*m - 2*t, 5*m - 38 = 5*t + 47. Let c(f) = f + 1. Let v be c(3). Let b be (v/5)/((-2)/(-60)). What is the highest common factor of b and m?
12
Let c be -230*(5 + -3 + 0)*-2. Calculate the highest common factor of 115 and c.
115
Suppose -6*g + 16 + 2 = 0. Let u be 2 + (-1)/(g/30). Let d be (12 - -2)*(-16)/u. Calculate the greatest common divisor of d and 14.
14
Let y be (-16 + -4)/(-1 - 0). Let x = 121 + -101. Calculate the greatest common divisor of y and x.
20
Let r be (-755)/(-15) - (-2)/(-6). Let b = -16 + 29. Let o = 23 - b. Calculate the highest common factor of o and r.
10
Suppose 5*r - 13 = 4*s + 4*r, -2*s = -2*r + 8. Let d be ((-12)/8)/s*-64. Let q be 6/(-3*4/d). Calculate the highest common factor of q and 40.
8
Suppose 0 = 6*q - 196 - 14. Calculate the greatest common factor of q and 14.
7
Suppose 198 = -5*r + 1248. Calculate the highest common divisor of r and 245.
35
Let f = 551 - 243. Suppose 3*m + f = -5*d - 319, 3*d + 373 = -m. Let h = -53 - d. What is the greatest common divisor of 10 and h?
10
Let z be 1 + (0 + 4 - 5). Suppose 2*n = 5*o - 184, -o + z*n + 28 = 4*n. Let p = 290 - 200. Calculate the greatest common factor of p and o.
18
Let p be (2 - -39) + -7 + (-10)/(-2). Calculate the greatest common divisor of 663 and p.
39
Suppose 0 = -2*k - 2*l + 6, 5 = k + 3*l + 12. What is the highest common factor of k and 3?
1
Let y = 8 + -4. Let c be y/4 + 18 + 2. Suppose 0*i - i - f = -22, -2*f = -5*i + 103. Calculate the highest common divisor of i and c.
21
Let w = 153 - 143. What is the highest common divisor of w and 45?
5
Suppose -5*j = -2*f - 0*f + 115, 5*j = -2*f + 165. Let u = 437 - 395. Calculate the highest common factor of f and u.
14
Let z = -1755 + 2991. What is the greatest common divisor of 103 and z?
103
Let j be (4 + -3)*630/21. What is the highest common divisor of j and 21?
3
Let x be (32 + 2 + -2)/1. Let f = 100 - 32. Let a = f + -60. Calculate the greatest common divisor of a and x.
8
Let h = -186 + 237. Calculate the greatest common divisor of h and 51.
51
Suppose -1104 = -5*f + 2*f. Suppose -186 = h + 77. Let z = f + h. What is the highest common factor of z and 15?
15
Let v be (2 + (-5 - -1))/(-1). Suppose -30 = p + v*t, 5*p - 2*p - 2*t = -74. Let u be (p/4)/(5/(-10)). What is the highest common factor of u and 26?
13
Suppose -291*t = -307*t + 1120. What is the highest common divisor of 40 and t?
10
Let p = -59 - -235. Calculate the highest common divisor of p and 16.
16
Let a(m) = m**3 + 4*m**2 + m + 1. Let c = 24 - 22. Suppose -5*l - 10 = -w, c*l - w - 2 = -3. Let y be a(l). Calculate the greatest common divisor of y and 63.
7
Suppose -151 = -3*l + 4*s, -2*s = -2*l + l + 53. What is the highest common factor of 45 and l?
45
Let u(w) = w*